*f + 18. What is w(13)?
-8
Let h(n) = 2*n**2 + 14*n + 8. Calculate h(-7).
8
Let h(z) = 18*z + 322. What is h(-18)?
-2
Let k(u) = u**2 - 6*u - 18. Calculate k(8).
-2
Let a(x) = 6*x**2 - 2*x - 2. What is a(0)?
-2
Let u(z) = z**2 - z - 5. Give u(-4).
15
Let k(o) = 2*o. What is k(-7)?
-14
Let l(x) = -8*x - 22. What is l(-6)?
26
Let w(u) = 8*u - 4. Give w(3).
20
Let l(v) = -6*v**2 + 95*v + 9. Calculate l(16).
-7
Let h(i) = -22*i + 34. Calculate h(4).
-54
Let m(a) = 8*a - 2. Determine m(-1).
-10
Let c(q) = 8*q - 5. Give c(5).
35
Let i(c) = -3*c**2 + 6*c. Determine i(3).
-9
Let j(l) = 2*l**2 + 5*l - 10. What is j(7)?
123
Let r(i) = -i - 4. Calculate r(-17).
13
Let a(y) = -y**3 + 5*y**2 - 2. Determine a(2).
10
Let h(t) = -t**2 - t + 39. What is h(6)?
-3
Let u(o) = -36*o + 46. Give u(3).
-62
Let g(w) = -10*w - 119. Determine g(-12).
1
Let s(x) = -x**2 - 11*x - 12. What is s(-12)?
-24
Let n(q) = 2*q**2 + 24*q + 24. Give n(-11).
2
Let x(q) = 8*q**3 - 2*q**2 - 3*q - 2. Calculate x(-1).
-9
Let l(n) = -4*n**2 + 2*n + 11. Give l(-2).
-9
Let a(q) = -2*q**2 + 5*q - 6. Determine a(4).
-18
Let p(o) = o**3 - 11*o**2 + 3*o - 33. Give p(11).
0
Let q(i) = -5*i + 6. Calculate q(-3).
21
Let j(w) = -w**2 - 18*w - 12. Determine j(-16).
20
Let a(v) = -v**2 + 12*v + 1. Determine a(11).
12
Let s(h) = 19*h - 2. Determine s(1).
17
Let n(y) = 3*y + 32. Determine n(-10).
2
Let c(x) = 31*x**2 + 4*x + 5. Determine c(-1).
32
Let r(x) = x**3 - 3*x**2 - 2*x - 1. Determine r(3).
-7
Let r(p) = -p**3 + 24*p**2 - 23*p + 11. What is r(23)?
11
Let a(n) = -10*n - 8. Give a(-4).
32
Let m(k) = k + 5. Determine m(-12).
-7
Let g(o) = -19*o**3 + o**2 + o. Determine g(-1).
19
Let b(w) = -7*w**2 - 29*w - 54. Give b(-2).
-24
Let x(l) = -7*l - 10. Determine x(-3).
11
Let o(g) = 8*g + 17. What is o(-9)?
-55
Let l(s) = s + 7. What is l(15)?
22
Let q(u) = -u**2 - 73*u - 1248. Calculate q(-46).
-6
Let r(t) = 2*t - 24. Determine r(9).
-6
Let t(m) = 115*m + 455. Determine t(-4).
-5
Let a(p) = p**3 - 26*p**2 - 25*p - 58. What is a(27)?
-4
Let a(y) = -26*y + 11. Give a(-2).
63
Let c(t) = -t**3 + 3*t**2 - 3*t + 2. Give c(3).
-7
Let s(w) = w**2 - 156*w + 904. Calculate s(6).
4
Let c(o) = 19*o + 25. Calculate c(-2).
-13
Let d(g) = -g**2 - 24*g - 154. Determine d(-14).
-14
Let c(a) = a**2 + 33*a + 193. Determine c(-25).
-7
Let d(w) = -2*w**2 + 73*w - 40. Calculate d(36).
-4
Let r(n) = n**3 - 2*n + 3. Determine r(0).
3
Let t(u) = u**2 + u + 3. Determine t(5).
33
Let x(b) = b**2 + 2*b + 1. What is x(7)?
64
Let c(u) = 7*u + 17. Calculate c(9).
80
Let z(v) = -v - 9. Give z(-14).
5
Let i(y) = y**2 - 4*y + 9. Calculate i(3).
6
Let m(n) = 4*n + 35. Give m(-7).
7
Let m(t) = -t**3 + 19*t**2 - 6*t + 112. Determine m(19).
-2
Let f(l) = 10*l - 44. Give f(3).
-14
Let f(o) = -o**2 - 5*o - 4. Give f(-3).
2
Let p(v) = -v**3 + 8*v**2 + 13*v - 27. Give p(10).
-97
Let w(i) = -i**2 - 31*i - 89. Calculate w(-28).
-5
Let g(k) = -9*k - 4. Give g(3).
-31
Let u(g) = -7*g - 65. Determine u(-13).
26
Let p(m) = m - 4. What is p(-3)?
-7
Let n(p) = 63*p + 8. Give n(-1).
-55
Let a(z) = -4*z + 23. Give a(6).
-1
Let s(y) = -3*y + 15. Give s(14).
-27
Let t(w) = 3*w + 9. Give t(-12).
-27
Let t(f) = 4*f + 19. Calculate t(3).
31
Let s(t) = -t**2 - 10*t - 49. What is s(-9)?
-40
Let l(a) = -2*a**2 - 6*a + 5. Calculate l(-4).
-3
Let z(j) = -2*j + 22. Determine z(13).
-4
Let z(j) = -6*j - 28. Calculate z(-9).
26
Let l(v) = v**2 - 23*v - 83. Determine l(-5).
57
Let f(m) = -m**3 - 11*m**2 - 23*m + 17. What is f(-8)?
9
Let a(j) = -j**2 + 3*j. Give a(-4).
-28
Let s(x) = -4*x - 26. Determine s(-5).
-6
Let u(y) = -y**2 + 5*y + 2. Give u(9).
-34
Let w(n) = 94*n - 3. Give w(-1).
-97
Let k(z) = 4*z - 18. What is k(5)?
2
Let m(z) = -3*z**3 + 12*z**2 + z - 5. Calculate m(5).
-75
Let t(r) = -7*r**2 + 8*r - 6. Give t(1).
-5
Let t(a) = -a**3 - 8*a**2 + 30*a + 18. Determine t(-11).
51
Let p(n) = 2*n**3 + 3*n - 4. Determine p(2).
18
Let k(n) = -n**2 + 2*n + 31. Determine k(5).
16
Let n(b) = -5*b - 9. Calculate n(-1).
-4
Let t(r) = -r**2 + 6*r + 30. Determine t(10).
-10
Let g(r) = r**2 - 9*r + 13. Give g(8).
5
Let d(u) = u - 9. Give d(-24).
-33
Let u(f) = 3*f - 16. What is u(7)?
5
Let t(g) = 7*g + 22. Calculate t(-4).
-6
Let s(b) = -3*b - 12. What is s(-10)?
18
Let d(j) = -3*j**2 - 2*j. What is d(-2)?
-8
Let d(u) = u**2 - 2*u - 4. Determine d(-4).
20
Let v(a) = a**2 - 5*a + 2. What is v(3)?
-4
Let n(q) = -9*q + 70. Calculate n(6).
16
Let q(i) = i + 5. What is q(-8)?
-3
Let f(g) = 47*g + 14. Determine f(4).
202
Let a(x) = -x**2 - 31*x - 89. What is a(-28)?
-5
Let i(z) = 16*z**3 - z**2 - 23*z + 22. What is i(1)?
14
Let c(a) = a + 3. What is c(5)?
8
Let d(i) = -16*i + 33. What is d(10)?
-127
Let p(a) = a**3 - 8*a**2 + 13*a + 11. What is p(5)?
1
Let s(w) = -w**2 - 10*w + 40. Give s(-14).
-16
Let q(v) = -2*v**2 - 3*v + 1. Calculate q(2).
-13
Let k(i) = i**3 - 27*i**2 + 24*i + 100. Determine k(26).
48
Let g(w) = -w**3 - 2*w**2 + 22*w + 10. Calculate g(-7).
101
Let t(k) = -2*k**2 + 8*k + 59. Give t(10).
-61
Let l(x) = x**3 + 39*x**2 + 42*x + 152. Give l(-38).
0
Let g(l) = l**2 - l + 40. Determine g(0).
40
Let m(f) = 3*f + 100. Determine m(-24).
28
Let r(a) = a**2 + 11*a + 54. Calculate r(-9).
36
Let o(p) = 2*p**2 + 4*p + 1. Calculate o(-3).
7
Let x(h) = 11*h - 31. What is x(14)?
123
Let t(p) = p + 21. Give t(-7).
14
Let h(w) = 11*w**2 + 4*w + 2. Determine h(-1).
9
Let y(a) = -207*a + 1443. Calculate y(7).
-6
Let n(c) = -c**3 - 2*c**2 + 4*c + 1. Determine n(-4).
17
Let g(y) = y**3 - y**2 + 2*y + 7. Give g(0).
7
Let i(s) = s**3 - 4*s**2 + 8*s - 36. Determine i(4).
-4
Let z(i) = 15*i**2 - 108*i + 21. What is z(7)?
0
Let x(p) = -11*p**2 + 2*p + 1. Determine x(2).
-39
Let o(w) = 2*w**2 - 26*w + 49. Calculate o(11).
5
Let p(c) = c**2 - 51*c + 630. Calculate p(30).
0
Let h(m) = 10*m**2 - 37*m - 8. Calculate h(4).
4
Let a(x) = -x**3 - 2*x**2 - x + 23. Determine a(0).
23
Let h(q) = -q**3 - 5. Give h(-2).
3
Let t(z) = 6*z**2 - 7*z + 4. Give t(1).
3
Let g(w) = -5*w + 124. Determine g(24).
4
Let j(r) = -r**3 - 13*r**2 - 29*r + 11. Give j(-10).
1
Let v(q) = -q**3 - 6*q**2 + 2*q - 4. Give v(-6).
-16
Let d(w) = 8*w**2 + 3*w + 3. What is d(-2)?
29
Let o(y) = -y**3 + 2*y**2 + 4*y + 18. Determine o(4).
2
Let i(n) = n**2 - 9*n - 8. Calculate i(9).
-8
Let d(s) = s + 19. Calculate d(6).
25
Let v(c) = -c - 3. Calculate v(11).
-14
Let i(l) = l**2 + 5*l - 11. Give i(-7).
3
Let u(h) = 28*h. Determine u(-2).
-56
Let y(t) = -t**2 - 4*t - 6. What is y(-7)?
-27
Let n(p) = -p**2 + 10*p + 6. Determine n(10).
6
Let c(f) = f**3 + 5*f**2 - 15*f - 11. Determine c(-7).
-4
Let d(a) = -a**3 + 18*a**2 + 2*a - 41. Give d(18).
-5
Let f(g) = g**2 + 4*g - 7. What is f(-5)?
-2
Let v(l) = -l**2 + 6*l - 1. What is v(7)?
-8
Let c(d) = -d**2 + 3*d + 3. What is c(3)?
3
Let r(o) = o**3 - 9*o**2 + 12*o + 18. Calculate r(7).
4
Let g(n) = -14*n - 26. What is g(-6)?
58
Let o(p) = 14*p - 3. What is o(3)?
39
Let a(p) = -4*p + 20. Determine a(8).
-12
Let u(v) = -17*v + 81. Give u(4).
13
Let w(y) = -y**3 - 4*y**2 + 3*y + 1. What is w(-4)?
-11
Let k(h) = -h - 13. Determine k(0).
-13
Let c(h) = -2*h**2 + 6*h - 5. What is c(5)?
-25
Let y(t) = -t**3 - 15*t**2 - 16*t - 33. Calculate y(-14).
-5
Let q(i) = -i**3 + i**2 + i + 10. What is q(0)?
10
Let v(h) = -3*h**2 + h - 2. Calculate v(2).
-12
Let j(l) = 3*l - 49. Determine j(10).
-19
Let n(i) = -i**3 + 10*i**2 - 15*i + 3. Give n(8).
11
Let m(l) = -7*l + 96. What is m(12)?
12
Let h(z) = -z**2 - 35*z - 75. Determine h(-33).
-9
Let m(b) = b + 11. Calculate m(-10).
1
Let q(g) = g**2 - 10*g + 19. Calculate q(8).
3
Let y(p) = -p**3 - 14*p**2 + 15*p + 18. Determine y(-15).
18
Let n(l) = -l**3 + 10*l**2 + 10*l + 29. Determine n(11).
18
Let n(p) = 4*p + 51. Give n(-10).
11
Let m(j) = -j**2 - j + 2. Give m(1).
0
Let d(r) = -8*r - 217. Give d(-32).
39
Let k(x) = 2*x**2 + 13*x + 11. Calculate k(-8).
35
Let f(h) = 15*h + 425. Determine f(-29).
-10
Let u(r) = -r**2 + 15*r - 13. Determine u(13).
13
Let o(h) = h**3 - h - 5. Determine o(0).
-5
Let s(t) = t**3 + 4*t**2 - 2*t + 5. Determine s(-5).
-10
Let f(i) = 15*i - 8. What is f(1)?
7
Let o(a) = 8*a - 3. Give o(2).
13
Let b(k) = -2*k - 49. Give b(-18).
-13
Let t(f) = -f**3 + 7*f**2 - f - 3. Calculate t(7).
-10
Let z(g) = -g**3 + 7*g**2 + 31*g - 19